{"id":2,"date":"2015-09-09T11:27:26","date_gmt":"2015-09-09T11:27:26","guid":{"rendered":"http:\/\/trailrunningmallorca.es\/?page_id=2"},"modified":"2024-05-28T12:34:44","modified_gmt":"2024-05-28T10:34:44","slug":"sample-page","status":"publish","type":"page","link":"https:\/\/trailrunningmallorca.es\/","title":{"rendered":"Bienvenida"},"content":{"rendered":"\n<p>Bienvenidos a mi web, una p\u00e1gina dise\u00f1ada con cari\u00f1o y con el objetivo de transmitir mi pasi\u00f3n por la isla donde nac\u00ed. Quiero compartir mis rutas con las personas que aman la naturaleza como yo y quieren descubrir rincones y lugares id\u00edlicos que esconde la isla de Mallorca. En esta p\u00e1gina voy a incluir un amplio cat\u00e1logo de rutas con fotograf\u00edas, mapas, videos e informaci\u00f3n de inter\u00e9s de los lugares que voy visitando. A continuaci\u00f3n se describe la estructura y contenido de la web. <\/p>\n\n\n<p style=\"text-align: left;\"><span style=\"color: #000000;\"><div class=\"su-box su-box-style-default\" id=\"\" style=\"border-color:#000000;border-radius:3px;max-width:none\"><div class=\"su-box-title\" style=\"background-color:#333333;color:#f7f047;border-top-left-radius:1px;border-top-right-radius:1px\">Responsabilidad del autor<\/div><div class=\"su-box-content su-u-clearfix su-u-trim\" style=\"border-bottom-left-radius:1px;border-bottom-right-radius:1px\"><span class=\"wpsdc-drop-cap\">E<\/span>sta web no es una gu\u00eda exhaustiva de rutas por monta\u00f1a, adem\u00e1s hay algunas rutas que, con el tiempo, pueden ser modificadas, ya sea por restricciones de paso o por otras causas. <span style=\"text-decoration: underline;\">Respetar siempre la propiedad privada<\/span>. El autor no se hace responsable de posibles problemas que pueden surgir al usar esta web como gu\u00eda. Los tracks son muy precisos pero en ocasiones no muestran el mejor camino.<\/div><\/div><\/span><\/p>\n<p>A continuaci\u00f3n se muestran las partes que componen la web, est\u00e1n estructuradas en men\u00fas desplegables que forman los siguientes bloques:<\/p>\n<h5 style=\"text-align: left;\"><span style=\"color: #333399;\">Rutas por comarcas<\/span><\/h5>\n<p><a href=\"https:\/\/trailrunningmallorca.es\/wp-content\/uploads\/2015\/09\/trail-running1.jpg\"><img loading=\"lazy\" decoding=\"async\" class=\"aligncenter size-large wp-image-53\" style=\"-webkit-box-shadow: 2px 3px 8px #444; -moz-box-shadow: 2px 3px 8px #444; box-shadow: 2px 3px 8px #444;\" src=\"https:\/\/trailrunningmallorca.es\/wp-content\/uploads\/2015\/09\/trail-running1-1024x768.jpg\" alt=\"trail running\" width=\"700\" height=\"525\" srcset=\"https:\/\/trailrunningmallorca.es\/wp-content\/uploads\/2015\/09\/trail-running1-1024x768.jpg 1024w, https:\/\/trailrunningmallorca.es\/wp-content\/uploads\/2015\/09\/trail-running1-300x225.jpg 300w, https:\/\/trailrunningmallorca.es\/wp-content\/uploads\/2015\/09\/trail-running1.jpg 1200w\" sizes=\"auto, (max-width: 700px) 100vw, 700px\" \/><\/a><\/p>\n<p>En este bloque, se distribuyen las rutas clasificadas por las diferentes comarcas de Mallorca y sus municipios :<\/p>\n<p><img loading=\"lazy\" decoding=\"async\" class=\"wp-image-19224 alignleft\" src=\"https:\/\/trailrunningmallorca.es\/wp-content\/uploads\/2024\/05\/comarcas.jpg\" alt=\"\" width=\"311\" height=\"243\" srcset=\"https:\/\/trailrunningmallorca.es\/wp-content\/uploads\/2024\/05\/comarcas.jpg 478w, https:\/\/trailrunningmallorca.es\/wp-content\/uploads\/2024\/05\/comarcas-217x170.jpg 217w\" sizes=\"auto, (max-width: 311px) 100vw, 311px\" \/><\/p>\n<ul>\n<li><strong>Tramuntana Central<\/strong> : <em>Bunyola, Dei\u00e0, Fornalutx, Orient, S\u00f3ller<\/em>, <em>Valldemossa<\/em><\/li>\n<li><strong>Tramuntana Sur<\/strong> : <em>Andratx, Calvi\u00e0, Esporles, Puigpunyent<\/em>.<\/li>\n<li><strong>Tramuntana Norte<\/strong> : <em>Escorca, Pollen\u00e7a<\/em>.<\/li>\n<li><strong>Palma de Mallorca<\/strong> : Rutas por la comarca de Palma, las m\u00e1s importantes transcurren por el <em>Castillo de Bellver<\/em> y la <em>Sierra de na Burguesa<\/em><\/li>\n<li><strong>Es Raiguer<\/strong> : <em>Alar\u00f3, Alc\u00fadia, Campanet, Lloseta, Marratx\u00ed, Santa Maria del Cam\u00ed, Selva<\/em>.<\/li>\n<li><strong>Migjorn<\/strong> : <em>Campos, Felanitx, LlucMajor, Ses Salines, Santany\u00ed<\/em>.<\/li>\n<li><strong>Pla de Mallorca<\/strong> : <em>Algaida, Ariany, Costitx, Lloret de Vistalegre, Montu\u00efri, Porreres, Sant Joan<\/em>, <em>Santa Eug\u00e8nia, Sencelles, Sineu, Vilafranca de Bonany<\/em>.<\/li>\n<li><strong>Llevant<\/strong> : <em>Art\u00e0, Capdepera, Manacor, Sant Lloren\u00e7 des Cardassar, Son Servera<\/em><\/li>\n<\/ul>\n<blockquote>\n<p>Las rutas se clasifican por su punto de inicio. El recorrido puede atravesar varios municipios, pero se categorizan por el lugar del municipio en d\u00f3nde comienza la ruta.<\/p>\n<\/blockquote>\n<h5 style=\"text-align: justify;\"><span style=\"color: #333399;\">Clasificaci\u00f3n rutas<\/span><\/h5>\n<p style=\"text-align: justify;\">Este apartado me parece especialmente \u00fatil para localizar rutas para cada perfil de senderista, ya que las rutas se clasifican de la siguiente manera :<\/p>\n<ul>\n<li><strong>Rutas por dificultad<\/strong>: Cada ruta la he etiquetado por la dificultad a nivel general, es decir teniendo en cuenta todos los factores que influyen en todo su recorrido, es decir, terreno, orientaci\u00f3n, pendiente, etc&#8230; Por ello, y seg\u00fan el siguiente gr\u00e1fico, las rutas est\u00e1n clasificadas de la siguiente manera :<\/li>\n<\/ul>\n<p><img loading=\"lazy\" decoding=\"async\" class=\"aligncenter  wp-image-19417\" src=\"https:\/\/trailrunningmallorca.es\/wp-content\/uploads\/2024\/05\/Clasificacion-rutas.png\" alt=\"\" width=\"448\" height=\"459\" srcset=\"https:\/\/trailrunningmallorca.es\/wp-content\/uploads\/2024\/05\/Clasificacion-rutas.png 541w, https:\/\/trailrunningmallorca.es\/wp-content\/uploads\/2024\/05\/Clasificacion-rutas-166x170.png 166w\" sizes=\"auto, (max-width: 448px) 100vw, 448px\" \/><\/p>\n<ul>\n<li><strong>Rutas por distancia<\/strong> : Esta clasificaci\u00f3n me parece especialmente \u00fatil, ya que permite buscar las rutas por el total de distancia que recorren. Las distancias est\u00e1n divididas de la siguiente manera: <em>Menos de 10 km, Entre 10 km y 15 km, Entre 15 km y 20 km, Entre 20 km y 25 km<\/em> y por \u00faltimo las rutas de <em>m\u00e1s de 25 km<\/em>.&nbsp;<\/li>\n<li><strong>Rutas costeras<\/strong> : Otra clasificaci\u00f3n que me pareci\u00f3 interesante para buscar itinerarios que transcurren por la costa, ya que son rutas diferentes y con el mar como escenario de fondo.<\/li>\n<li><strong>Rutas con nieve<\/strong> : En Mallorca, la nieve siempre es un espect\u00e1culo poco frecuente y muy impactante para los mallorquines. Por eso, tambi\u00e9n he incluido esta clasificaci\u00f3n, para mostrar algunas rutas que hemos hecho con nieve, una estampa \u00fanica de Mallorca.<\/li>\n<\/ul>\n<h5 style=\"text-align: justify;\"><span style=\"color: #333399;\">Recursos<\/span><\/h5>\n<p style=\"text-align: justify;\">En este apartado, he incluido informaci\u00f3n de inter\u00e9s para una mejor experiencia a la hora de salir a la monta\u00f1a. Entre otras cosas, el lector podr\u00e1 encontrar la siguiente informaci\u00f3n :<\/p>\n<ul>\n<li><strong>Mapa de recursos de la Sierra de Tramuntana<\/strong> : Un mapa muy \u00fatil realizado por el Consell de Mallorca, en el que se distribuyen los siguientes datos : Itinerarios se\u00f1alizados, delimitaci\u00f3n de parque natural, refugios de monta\u00f1a, \u00e1reas recreativas, \u00e1rea de exclusi\u00f3n (PORN).<\/li>\n<li><strong>Toponimia<\/strong> : Lista de todos los top\u00f3nimos que he ido incluyendo en la web, me parece interesante ya que haciendo click sobre cada uno, nos llevar\u00e1 a la ruta correspondiente relacionada y adem\u00e1s voy a\u00f1adiendo informaci\u00f3n de cada uno de los top\u00f3nimos.<\/li>\n<li><strong>Carreras y trails de monta\u00f1a<\/strong> : He incluido tambi\u00e9n un apartado en d\u00f3nde se listan las carreras m\u00e1s importantes que voy realizando tanto en Mallorca, como fuera de ella. La fotograf\u00edas son espectaculares.<\/li>\n<li><strong>Videos de las rutas<\/strong> : Para completar toda la informaci\u00f3n incluida en cada una de las rutas (mapas, fotos, tracks, informaci\u00f3n, &#8230;), tambi\u00e9n voy grabando con mi c\u00e1mara deportiva algunas de las rutas, en este apartado voy a\u00f1adiendo enlaces a los videos que tengo subidos a internet. Est\u00e1n subidos a resoluci\u00f3n 4K.<\/li>\n<\/ul>\n<h5 style=\"text-align: justify;\"><span style=\"color: #333399;\">Informaci\u00f3n T\u00e9cnica y Lugares de Inter\u00e9s<\/span><\/h5>\n<p style=\"text-align: justify;\">En cada una de las rutas de la web, se muestran las fotograf\u00edas y algunos videos de los paisajes por donde transcurre. Y por cada lugar recorrido, se a\u00f1ade <strong>informaci\u00f3n de inter\u00e9s<\/strong> para que el lector pueda conocer de que lugar se trata y conocer algunas curiosidades de \u00edndole <strong>hist\u00f3rico<\/strong> y <strong>etnogr\u00e1fico<\/strong>.<\/p>\n<p style=\"text-align: justify;\">Mallorca es una isla con una gran historia, en donde se han producido grandes acontecimientos hist\u00f3ricos y que ha sido visitada por innumerables culturas, ya desde la \u00e9poca prehist\u00f3rica. A mi particularmente me interesa toda esa informaci\u00f3n de mi tierra y procuro investigar e informarme sobre cada una de las rutas que hago por la isla.<\/p>\n<div id=\"attachment_464\" style=\"width: 451px\" class=\"wp-caption aligncenter\"><img loading=\"lazy\" decoding=\"async\" aria-describedby=\"caption-attachment-464\" class=\" wp-image-464\" style=\"-webkit-box-shadow: 2px 3px 8px #444; -moz-box-shadow: 2px 3px 8px #444; box-shadow: 2px 3px 8px #444;\" src=\"https:\/\/trailrunningmallorca.es\/wp-content\/uploads\/2015\/11\/horno-cal.png\" alt=\"Horno de cal\" width=\"441\" height=\"255\" srcset=\"https:\/\/trailrunningmallorca.es\/wp-content\/uploads\/2015\/11\/horno-cal.png 629w, https:\/\/trailrunningmallorca.es\/wp-content\/uploads\/2015\/11\/horno-cal-300x173.png 300w\" sizes=\"auto, (max-width: 441px) 100vw, 441px\" \/><p id=\"caption-attachment-464\" class=\"wp-caption-text\"><em>Horno de cal<\/em><\/p><\/div>\n<p style=\"text-align: justify;\">En cada una de las rutas publicadas, tambi\u00e9n he a\u00f1adido alguna informaci\u00f3n de inter\u00e9s pero con la intenci\u00f3n de que sea f\u00e1cil de leer, sin grandes parrafadas, en definitiva sintetizar la informaci\u00f3n m\u00e1s relevante. Adem\u00e1s, tambi\u00e9n se podr\u00e1n descargar algunos <strong>documentos<\/strong> si se desea ampliar informaci\u00f3n.<\/p>\n<p style=\"text-align: justify;\">&nbsp;<\/p>","protected":false},"excerpt":{"rendered":"<p>Bienvenidos a mi web, una p\u00e1gina dise\u00f1ada con cari\u00f1o y con el objetivo de transmitir mi pasi\u00f3n por la isla donde nac\u00ed. Quiero compartir mis rutas con las personas que aman la naturaleza como yo y quieren descubrir rincones y&hellip; <\/p>\n","protected":false},"author":1,"featured_media":0,"parent":0,"menu_order":0,"comment_status":"open","ping_status":"open","template":"","meta":{"ngg_post_thumbnail":0,"footnotes":""},"class_list":["post-2","page","type-page","status-publish","hentry"],"_links":{"self":[{"href":"https:\/\/trailrunningmallorca.es\/index.php\/wp-json\/wp\/v2\/pages\/2","targetHints":{"allow":["GET"]}}],"collection":[{"href":"https:\/\/trailrunningmallorca.es\/index.php\/wp-json\/wp\/v2\/pages"}],"about":[{"href":"https:\/\/trailrunningmallorca.es\/index.php\/wp-json\/wp\/v2\/types\/page"}],"author":[{"embeddable":true,"href":"https:\/\/trailrunningmallorca.es\/index.php\/wp-json\/wp\/v2\/users\/1"}],"replies":[{"embeddable":true,"href":"https:\/\/trailrunningmallorca.es\/index.php\/wp-json\/wp\/v2\/comments?post=2"}],"version-history":[{"count":0,"href":"https:\/\/trailrunningmallorca.es\/index.php\/wp-json\/wp\/v2\/pages\/2\/revisions"}],"wp:attachment":[{"href":"https:\/\/trailrunningmallorca.es\/index.php\/wp-json\/wp\/v2\/media?parent=2"}],"curies":[{"name":"wp","href":"https:\/\/api.w.org\/{rel}","templated":true}]}}