{"id":19308,"date":"2024-05-27T10:25:01","date_gmt":"2024-05-27T08:25:01","guid":{"rendered":"https:\/\/trailrunningmallorca.es\/?page_id=19308"},"modified":"2024-06-15T11:03:00","modified_gmt":"2024-06-15T09:03:00","slug":"rutas-campanet","status":"publish","type":"page","link":"https:\/\/trailrunningmallorca.es\/index.php\/rutas-campanet\/","title":{"rendered":"Rutas Campanet"},"content":{"rendered":"<div class=\"pt-cv-wrapper\"><div class=\"pt-cv-view pt-cv-blockgrid iscvblock iscvhybrid list1 layout1 pt-cv-pgregular pt-cv-justify\" id=\"pt-cv-view-4c4eef5n8o\"><div data-id=\"pt-cv-page-1\" class=\"pt-cv-page\" data-cvc=\"1\"><div class=\" pt-cv-content-item pt-cv-2-col\"  data-pid=\"9485\"><div class=\"pt-cv-thumb-wrapper pull-left \"><a href=\"https:\/\/trailrunningmallorca.es\/index.php\/2021\/09\/03\/alcanelleta-pas-bisquerra\/\" class=\"_self pt-cv-href-thumbnail pt-cv-thumb-left\" target=\"_self\" ><img loading=\"lazy\" decoding=\"async\" width=\"1800\" height=\"1350\" src=\"https:\/\/trailrunningmallorca.es\/wp-content\/uploads\/2021\/09\/nggallery_import\/IMG_1027.jpeg\" class=\"pt-cv-thumbnail img-none pull-left\" alt=\"Vall d&#039;Alcanella y Pas de&#039;n Bisquerra desde Monn\u00e0ber\" \/><\/a><div class=\"pt-cv-taxoterm over_top_left\"><a href='https:\/\/trailrunningmallorca.es\/index.php\/category\/rutas-comarcas\/es-raiguer\/campanet\/' title='Campanet' class='pt-cv-tax-campanet'>Campanet<\/a><a href='https:\/\/trailrunningmallorca.es\/index.php\/category\/clasificacion-rutas\/rutas-por-dificultad\/dificil\/' title='Dif\u00edcil' class='pt-cv-tax-dificil'>Dif\u00edcil<\/a><a href='https:\/\/trailrunningmallorca.es\/index.php\/category\/clasificacion-rutas\/rutas-por-distancia\/entre-15-km-y-20-km\/' title='Entre 15 km y 20 km' class='pt-cv-tax-entre-15-km-y-20-km'>Entre 15 km y 20 km<\/a><a href='https:\/\/trailrunningmallorca.es\/index.php\/category\/rutas-comarcas\/es-raiguer\/' title='Es Raiguer' class='pt-cv-tax-es-raiguer'>Es Raiguer<\/a><\/div><\/div>\n<div class=\"pt-cv-colwrap\"><h4 class=\"pt-cv-title\"><a href=\"https:\/\/trailrunningmallorca.es\/index.php\/2021\/09\/03\/alcanelleta-pas-bisquerra\/\" class=\"_self\" target=\"_self\" >Vall d&#8217;Alcanella y Pas de&#8217;n Bisquerra desde Monn\u00e0ber<\/a><\/h4><div class=\"pt-cv-content\">Aviso importante: Esta ruta se ha complicado mucho desde la borrasca Juliette de Marzo de 2.023. El camino hacia Alcanelleta desde Monn\u00e0ber y el Comellar de sa Font de sa Pega, est\u00e1n muy cubiertos de \u00e1rboles y ramas, no aconsejo hacer esta ruta ya que los caminos han desaparecido en ...<br \/><div class=\"pt-cv-rmwrap\"><a href=\"https:\/\/trailrunningmallorca.es\/index.php\/2021\/09\/03\/alcanelleta-pas-bisquerra\/\" class=\"_self pt-cv-readmore btn btn-success\" target=\"_self\">Leer M\u00e1s<\/a><\/div><\/div><\/div><\/div><\/div><\/div><\/div>\t\t\t<style type=\"text\/css\" id=\"pt-cv-inline-style-8187935jd7\">\n#pt-cv-view-4c4eef5n8o .pt-cv-thumb-wrapper:not(.miniwrap) { width: 450px; }#pt-cv-view-4c4eef5n8o .pt-cv-thumbnail:not(.pt-cv-thumbnailsm) { height: 250px; }#pt-cv-view-4c4eef5n8o > .pt-cv-page {grid-template-columns: repeat(1, 1fr);grid-gap: 15px;}\n@media all and (max-width: 1024px) { \n#pt-cv-view-4c4eef5n8o > .pt-cv-page {grid-template-columns: repeat(1, 1fr);}\n} \n@media all and (max-width: 767px) { \n#pt-cv-view-4c4eef5n8o > .pt-cv-page {grid-template-columns: repeat(1, 1fr);}\n} <\/style>\r\n\t\t\t\t\t\t<style type=\"text\/css\" id=\"pt-cv-inline-style-dfdf1121zk\">#pt-cv-view-4c4eef5n8o .pt-cv-content-item { padding-top: 0px !important; padding-right: 0px !important; padding-bottom: 0px !important; padding-left: 0px !important; }\n#pt-cv-view-4c4eef5n8o  .pt-cv-content-item   { background-color: #ffffff !important; border-width: 1px 1px 1px 1px !important; border-style: none !important; border-radius: 0px 0px 0px 0px !important; }\n#pt-cv-view-4c4eef5n8o .pt-cv-taxoterm * { font-family: 'Open Sans', Arial, serif !important; font-size: 11px !important; line-height: 1.3 !important; color: #000000 !important; background-color: #efefef !important; margin: 2px 5px 0px 0px !important; padding: 5px 5px 5px 5px !important; }\n#pt-cv-view-4c4eef5n8o .pt-cv-title a, #pt-cv-view-4c4eef5n8o  .panel-title { font-family: 'Open Sans', Arial, serif !important; font-size: 18px !important; line-height: 1.3 !important; color: #000000 !important; font-weight: 600 !important; padding: 3px 3px 3px 3px !important; display: block !important; }\n#pt-cv-view-4c4eef5n8o  .pt-cv-title a:hover, #pt-cv-view-4c4eef5n8o  .panel-title:hover   { font-family: 'Open Sans', Arial, serif !important; font-size: 18px !important; line-height: 1.3 !important; color: #3724e5 !important; }\n#pt-cv-view-4c4eef5n8o .pt-cv-content , #pt-cv-view-4c4eef5n8o  .pt-cv-content *:not(.pt-cv-readmore):not(style):not(script) { font-family: 'Open Sans', Arial, serif !important; font-size: 13px !important; color: #000000 !important; text-transform: capitalize !important; line-height: 2 !important; padding: 5px 5px 5px 5px !important; }\n#pt-cv-view-4c4eef5n8o .pt-cv-readmore  { color: #ffffff !important; background-color: #00aeef !important; }\n#pt-cv-view-4c4eef5n8o .pt-cv-readmore:hover  { color: #ffffff !important; background-color: #00aeef !important; }\n#pt-cv-view-4c4eef5n8o  + .pt-cv-pagination-wrapper .pt-cv-more , #pt-cv-view-4c4eef5n8o  + .pt-cv-pagination-wrapper .pagination .active a, .pt-cv-pagination[data-sid='4c4eef5n8o'] .active a { color: #ffffff !important; background-color: #00aeef !important; }\n#pt-cv-view-4c4eef5n8o { text-align: justify; }<\/style>\r\n\t\t\t<link href='\/\/fonts.googleapis.com\/css?family=Open+Sans' rel='stylesheet' type='text\/css'>\n","protected":false},"excerpt":{"rendered":"<table class=\"rw-rating-table rw-ltr rw-left rw-no-labels\"><tr><td><nobr>&nbsp;<\/nobr><\/td><td><div class=\"rw-left\"><div class=\"rw-ui-container rw-class-blog-post rw-urid-193090\"><\/div><\/div><\/td><\/tr><\/table><p>&nbsp; Aviso importante: Esta ruta se ha complicado mucho desde la borrasca Juliette de Marzo de 2.023. El camino hacia Alcanelleta desde Monn\u00e0ber y el Comellar de sa Font de sa Pega, est\u00e1n muy cubiertos de \u00e1rboles y ramas, no&hellip; <\/p>\n","protected":false},"author":1,"featured_media":0,"parent":0,"menu_order":0,"comment_status":"closed","ping_status":"closed","template":"","meta":{"ngg_post_thumbnail":0,"footnotes":""},"class_list":["post-19308","page","type-page","status-publish","hentry"],"_links":{"self":[{"href":"https:\/\/trailrunningmallorca.es\/index.php\/wp-json\/wp\/v2\/pages\/19308","targetHints":{"allow":["GET"]}}],"collection":[{"href":"https:\/\/trailrunningmallorca.es\/index.php\/wp-json\/wp\/v2\/pages"}],"about":[{"href":"https:\/\/trailrunningmallorca.es\/index.php\/wp-json\/wp\/v2\/types\/page"}],"author":[{"embeddable":true,"href":"https:\/\/trailrunningmallorca.es\/index.php\/wp-json\/wp\/v2\/users\/1"}],"replies":[{"embeddable":true,"href":"https:\/\/trailrunningmallorca.es\/index.php\/wp-json\/wp\/v2\/comments?post=19308"}],"version-history":[{"count":0,"href":"https:\/\/trailrunningmallorca.es\/index.php\/wp-json\/wp\/v2\/pages\/19308\/revisions"}],"wp:attachment":[{"href":"https:\/\/trailrunningmallorca.es\/index.php\/wp-json\/wp\/v2\/media?parent=19308"}],"curies":[{"name":"wp","href":"https:\/\/api.w.org\/{rel}","templated":true}]}}

<div class="pt-cv-wrapper"><div class="pt-cv-view pt-cv-blockgrid iscvblock iscvhybrid list1 layout1 pt-cv-pgregular pt-cv-justify" id="pt-cv-view-4c4eef5n8o"><div data-id="pt-cv-page-1" class="pt-cv-page" data-cvc="1"><div class=" pt-cv-content-item pt-cv-2-col"  data-pid="9485"><div class="pt-cv-thumb-wrapper pull-left "><a href="https://trailrunningmallorca.es/index.php/2021/09/03/alcanelleta-pas-bisquerra/" class="_self pt-cv-href-thumbnail pt-cv-thumb-left" target="_self" ><img loading="lazy" decoding="async" width="1800" height="1350" src="https://trailrunningmallorca.es/wp-content/uploads/2021/09/nggallery_import/IMG_1027.jpeg" class="pt-cv-thumbnail img-none pull-left" alt="Vall d&#039;Alcanella y Pas de&#039;n Bisquerra desde Monnàber" /></a><div class="pt-cv-taxoterm over_top_left"><a href='https://trailrunningmallorca.es/index.php/category/rutas-comarcas/es-raiguer/campanet/' title='Campanet' class='pt-cv-tax-campanet'>Campanet</a><a href='https://trailrunningmallorca.es/index.php/category/clasificacion-rutas/rutas-por-dificultad/dificil/' title='Difícil' class='pt-cv-tax-dificil'>Difícil</a><a href='https://trailrunningmallorca.es/index.php/category/clasificacion-rutas/rutas-por-distancia/entre-15-km-y-20-km/' title='Entre 15 km y 20 km' class='pt-cv-tax-entre-15-km-y-20-km'>Entre 15 km y 20 km</a><a href='https://trailrunningmallorca.es/index.php/category/rutas-comarcas/es-raiguer/' title='Es Raiguer' class='pt-cv-tax-es-raiguer'>Es Raiguer</a></div></div>
<div class="pt-cv-colwrap"><h4 class="pt-cv-title"><a href="https://trailrunningmallorca.es/index.php/2021/09/03/alcanelleta-pas-bisquerra/" class="_self" target="_self" >Vall d&#8217;Alcanella y Pas de&#8217;n Bisquerra desde Monnàber</a></h4><div class="pt-cv-content">Aviso importante: Esta ruta se ha complicado mucho desde la borrasca Juliette de Marzo de 2.023. El camino hacia Alcanelleta desde Monnàber y el Comellar de sa Font de sa Pega, están muy cubiertos de árboles y ramas, no aconsejo hacer esta ruta ya que los caminos han desaparecido en ...<br /><div class="pt-cv-rmwrap"><a href="https://trailrunningmallorca.es/index.php/2021/09/03/alcanelleta-pas-bisquerra/" class="_self pt-cv-readmore btn btn-success" target="_self">Leer Más</a></div></div></div></div></div></div></div>			<style type="text/css" id="pt-cv-inline-style-8187935jd7">
#pt-cv-view-4c4eef5n8o .pt-cv-thumb-wrapper:not(.miniwrap) { width: 450px; }#pt-cv-view-4c4eef5n8o .pt-cv-thumbnail:not(.pt-cv-thumbnailsm) { height: 250px; }#pt-cv-view-4c4eef5n8o > .pt-cv-page {grid-template-columns: repeat(1, 1fr);grid-gap: 15px;}
@media all and (max-width: 1024px) { 
#pt-cv-view-4c4eef5n8o > .pt-cv-page {grid-template-columns: repeat(1, 1fr);}
} 
@media all and (max-width: 767px) { 
#pt-cv-view-4c4eef5n8o > .pt-cv-page {grid-template-columns: repeat(1, 1fr);}
} </style>
						<style type="text/css" id="pt-cv-inline-style-dfdf1121zk">#pt-cv-view-4c4eef5n8o .pt-cv-content-item { padding-top: 0px !important; padding-right: 0px !important; padding-bottom: 0px !important; padding-left: 0px !important; }
#pt-cv-view-4c4eef5n8o  .pt-cv-content-item   { background-color: #ffffff !important; border-width: 1px 1px 1px 1px !important; border-style: none !important; border-radius: 0px 0px 0px 0px !important; }
#pt-cv-view-4c4eef5n8o .pt-cv-taxoterm * { font-family: 'Open Sans', Arial, serif !important; font-size: 11px !important; line-height: 1.3 !important; color: #000000 !important; background-color: #efefef !important; margin: 2px 5px 0px 0px !important; padding: 5px 5px 5px 5px !important; }
#pt-cv-view-4c4eef5n8o .pt-cv-title a, #pt-cv-view-4c4eef5n8o  .panel-title { font-family: 'Open Sans', Arial, serif !important; font-size: 18px !important; line-height: 1.3 !important; color: #000000 !important; font-weight: 600 !important; padding: 3px 3px 3px 3px !important; display: block !important; }
#pt-cv-view-4c4eef5n8o  .pt-cv-title a:hover, #pt-cv-view-4c4eef5n8o  .panel-title:hover   { font-family: 'Open Sans', Arial, serif !important; font-size: 18px !important; line-height: 1.3 !important; color: #3724e5 !important; }
#pt-cv-view-4c4eef5n8o .pt-cv-content , #pt-cv-view-4c4eef5n8o  .pt-cv-content *:not(.pt-cv-readmore):not(style):not(script) { font-family: 'Open Sans', Arial, serif !important; font-size: 13px !important; color: #000000 !important; text-transform: capitalize !important; line-height: 2 !important; padding: 5px 5px 5px 5px !important; }
#pt-cv-view-4c4eef5n8o .pt-cv-readmore  { color: #ffffff !important; background-color: #00aeef !important; }
#pt-cv-view-4c4eef5n8o .pt-cv-readmore:hover  { color: #ffffff !important; background-color: #00aeef !important; }
#pt-cv-view-4c4eef5n8o  + .pt-cv-pagination-wrapper .pt-cv-more , #pt-cv-view-4c4eef5n8o  + .pt-cv-pagination-wrapper .pagination .active a, .pt-cv-pagination[data-sid='4c4eef5n8o'] .active a { color: #ffffff !important; background-color: #00aeef !important; }
#pt-cv-view-4c4eef5n8o { text-align: justify; }</style>
			<link href='//fonts.googleapis.com/css?family=Open+Sans' rel='stylesheet' type='text/css'>

<table class="rw-rating-table rw-ltr rw-left rw-no-labels"><tr><td><nobr>&nbsp;</nobr></td><td><div class="rw-left"><div class="rw-ui-container rw-class-blog-post rw-urid-193090"></div></div></td></tr></table><p>&nbsp; Aviso importante: Esta ruta se ha complicado mucho desde la borrasca Juliette de Marzo de 2.023. El camino hacia Alcanelleta desde Monnàber y el Comellar de sa Font de sa Pega, están muy cubiertos de árboles y ramas, no&hellip; </p>
